What are the prime factors of 39852376?
2, 23, 59, 3671
List the prime factors of 4029392.
2, 71, 3547
What are the prime factors of 371224?
2, 7, 947
List the prime factors of 120565.
5, 24113
List the prime factors of 4002829.
4002829
What are the prime factors of 1506204?
2, 3, 7, 43, 139
List the prime factors of 5138707.
7, 269, 2729
List the prime factors of 946112.
2, 14783
What are the prime factors of 219897?
3, 53, 461
What are the prime factors of 33738?
2, 3, 5623
What are the prime factors of 2727122?
2, 37, 137, 269
What are the prime factors of 658585?
5, 107, 1231
What are the prime factors of 509032?
2, 63629
What are the prime factors of 3019398?
2, 3, 503233
List the prime factors of 167139.
3, 7, 379
List the prime factors of 9272462.
2, 4636231
What are the prime factors of 283156?
2, 29, 2441
What are the prime factors of 33701?
67, 503
What are the prime factors of 153043?
11, 13913
List the prime factors of 942967.
191, 4937
List the prime factors of 766069.
503, 1523
What are the prime factors of 168423?
3, 31, 1811
What are the prime factors of 7780919?
7780919
What are the prime factors of 595975?
5, 31, 769
List the prime factors of 4347397.
661, 6577
What are the prime factors of 2268018?
2, 3, 126001
List the prime factors of 6629593.
6629593
What are the prime factors of 251308?
2, 62827
List the prime factors of 2233967.
23, 41, 103
What are the prime factors of 189472?
2, 31, 191
What are the prime factors of 17625318?
2, 3, 2937553
What are the prime factors of 1163465?
5, 19, 37, 331
List the prime factors of 13128224.
2, 410257
What are the prime factors of 2590150?
2, 5, 51803
What are the prime factors of 445981?
59, 7559
What are the prime factors of 292441?
292441
What are the prime factors of 710440?
2, 5, 17761
List the prime factors of 324952.
2, 151, 269
List the prime factors of 2976.
2, 3, 31
What are the prime factors of 309180?
2, 3, 5, 5153
List the prime factors of 71099.
7, 1451
What are the prime factors of 13585879?
131, 137, 757
What are the prime factors of 19002441?
3, 6334147
List the prime factors of 988565.
5, 197713
What are the prime factors of 10047533?
2963, 3391
List the prime factors of 268160.
2, 5, 419
List the prime factors of 246371.
246371
List the prime factors of 717608.
2, 271, 331
What are the prime factors of 252146?
2, 139, 907
What are the prime factors of 149631?
3, 49877
List the prime factors of 1998130.
2, 5, 199813
List the prime factors of 2752972.
2, 311, 2213
List the prime factors of 1729074.
2, 3, 288179
What are the prime factors of 1213557?
3, 31, 13049
What are the prime factors of 120306?
2, 3, 20051
List the prime factors of 347294.
2, 173647
List the prime factors of 1350764.
2, 337691
What are the prime factors of 308236?
2, 263, 293
What are the prime factors of 47824?
2, 7, 61
What are the prime factors of 151245?
3, 5, 3361
What are the prime factors of 2872513?
7, 410359
List the prime factors of 105051.
3, 19, 97
List the prime factors of 1020475.
5, 40819
What are the prime factors of 38330?
2, 5, 3833
What are the prime factors of 24913?
7, 3559
List the prime factors of 21328849.
19, 1122571
List the prime factors of 454481.
179, 2539
What are the prime factors of 2302371?
3, 269, 317
What are the prime factors of 109317?
3, 13, 2803
What are the prime factors of 157789?
29, 5441
List the prime factors of 828060.
2, 3, 5, 37, 373
What are the prime factors of 28983519?
3, 23, 163, 859
List the prime factors of 3224339.
17, 241, 787
List the prime factors of 4136119.
13, 37, 8599
List the prime factors of 4300361.
13, 293, 1129
What are the prime factors of 13552975?
5, 542119
What are the prime factors of 3231733?
379, 8527
List the prime factors of 4041104.
2, 17, 83, 179
What are the prime factors of 1754289?
3, 19, 10259
What are the prime factors of 5092801?
7, 631, 1153
List the prime factors of 223129.
223129
What are the prime factors of 557460?
2, 3, 5, 19, 163
What are the prime factors of 1865374?
2, 7, 133241
What are the prime factors of 3088698?
2, 3, 514783
What are the prime factors of 7202411?
29, 101, 2459
List the prime factors of 72148.
2, 17, 1061
List the prime factors of 7110994.
2, 11, 263, 1229
List the prime factors of 10515718.
2, 503, 10453
What are the prime factors of 134777?
134777
List the prime factors of 8367473.
1123, 7451
What are the prime factors of 10716993?
3, 7, 170111
What are the prime factors of 237443?
19, 12497
List the prime factors of 3202190.
2, 5, 320219
List the prime factors of 3338252.
2, 101, 8263
List the prime factors of 43758.
2, 3, 11, 13, 17
List the prime factors of 13957655.
5, 2791531
List the prime factors of 11205376.
2, 7, 13, 37
List the prime factors of 28370143.
28370143
What are the prime factors of 1213316?
2, 13, 23333
What are the prime factors of 286732?
2, 97, 739
List the prime factors of 254625.
3, 5, 7, 97
What are the prime factors of 321122?
2, 307, 523
What are the prime factors of 3067050?
2, 3, 5, 7, 23, 127
List the prime factors of 47503.
67, 709
List the prime factors of 547528.
2, 89, 769
What are the prime factors of 185102?
2, 92551
What are the prime factors of 1607092?
2, 401773
List the prime factors of 175828.
2, 113, 389
List the prime factors of 942126.
2, 3, 23, 6827
List the prime factors of 1552828.
2, 103, 3769
What are the prime factors of 1030571?
1030571
What are the prime factors of 5775429?
3, 11, 175013
What are the prime factors of 800593?
800593
List the prime factors of 68554.
2, 151, 227
What are the prime factors of 284074?
2, 7, 103, 197
List the prime factors of 259683.
3, 86561
List the prime factors of 258606.
2, 3, 4789
What are the prime factors of 305984?
2, 7, 683
List the prime factors of 10597856.
2, 331183
What are the prime factors of 2183429?
17, 128437
List the prime factors of 1908843.
3, 227, 2803
List the prime factors of 5949845.
5, 11, 108179
List the prime factors of 949641.
3, 7, 11, 4111
List the prime factors of 29865.
3, 5, 11, 181
What are the prime factors of 4651578?
2, 3, 258421
List the prime factors of 4041026.
2, 11, 183683
List the prime factors of 5619250.
2, 5, 7, 13, 19
List the prime factors of 1134249.
3, 378083
What are the prime factors of 321886?
2, 227, 709
List the prime factors of 4541894.
2, 7, 439, 739
What are the prime factors of 296456?
2, 37057
What are the prime factors of 411403?
37, 11119
List the prime factors of 1881656.
2, 7, 33601
List the prime factors of 17198404.
2, 191, 22511
What are the prime factors of 3826481?
3826481
List the prime factors of 684290.
2, 5, 41, 1669
List the prime factors of 625987.
109, 5743
List the prime factors of 48711.
3, 13, 1249
List the prime factors of 747875.
5, 31, 193
What are the prime factors of 16187181?
3, 59, 91453
What are the prime factors of 676299?
3, 13, 17341
List the prime factors of 1208963.
7, 172709
What are the prime factors of 204406?
2, 102203
List the prime factors of 140521.
140521
What are the prime factors of 436814?
2, 7, 41, 761
What are the prime factors of 3154601?
71, 157, 283
What are the prime factors of 6807388?
2, 7, 243121
List the prime factors of 440105.
5, 23, 43, 89
List the prime factors of 11352998.
2, 5676499
What are the prime factors of 205625?
5, 7, 47
What are the prime factors of 350508?
2, 3, 29209
What are the prime factors of 485500?
2, 5, 971
List the prime factors of 200359.
191, 1049
List the prime factors of 17798536.
2, 7, 317831
What are the prime factors of 2249951?
11, 137, 1493
What are the prime factors of 2324587?
23, 211, 479
List the prime factors of 863188.
2, 215797
What are the prime factors of 197592?
2, 3, 8233
List the prime factors of 14543221.
7, 11, 67, 2819
What are the prime factors of 812361?
3, 11, 103, 239
What are the prime factors of 153579?
3, 51193
What are the prime factors of 582137?
582137
List the prime factors of 114942.
2, 3, 19157
List the prime factors of 729557.
729557
What are the prime factors of 300085?
5, 60017
List the prime factors of 836887.
401, 2087
List the prime factors of 5046850.
2, 5, 100937
List the prime factors of 13715106.
2, 3, 647, 3533
What are the prime factors of 10164723?
3, 3388241
What are the prime factors of 1058300?
2, 5, 19, 